uppose 0 = 5*j - 3*x - 275, -2*j - 3*x = -j - 55. Suppose 3*l - l - 44 = 0. What is the highest common divisor of j and l?
11
Let g = -13 - -64. Calculate the greatest common factor of g and 3.
3
Let d(c) = -161*c + 1. Let g be d(-1). Suppose -2*u = u - g. Suppose 3*f - 5*o = 33, -13 = -4*f + 3*o + 20. What is the highest common divisor of f and u?
6
Suppose -2*v = -31 - 17. Calculate the greatest common factor of v and 60.
12
Let d = 1467 + -968. Let b = -355 + d. What is the highest common factor of b and 18?
18
Let p be (-206)/(-4) - (-8)/16. What is the highest common divisor of p and 13?
13
Let m be 66/14 - (-4)/14. Let j be 1/((1 - 5) + 5). What is the highest common divisor of m and j?
1
Let y(k) = k**2 + 9*k + 12. Let s be y(-9). Let a be 537/7 - s/(-42). Suppose l + 112 = 4*g - 3*l, -4*l + a = 3*g. What is the highest common factor of 9 and g?
9
Suppose -4*z = z + 3*r - 50, 4*z + 2*r = 42. Let q = -40 - -105. What is the highest common divisor of q and z?
13
Suppose 2*d = 3*u - 5, -2*u = 3*d + 2*d - 16. Suppose -5*p + u*q - 16 = 0, 0*p + q = 2*p + 6. Let a = p - -8. What is the highest common factor of 30 and a?
6
Let z be (2 + 269/3)/(2/6). What is the greatest common divisor of 25 and z?
25
Let s(z) = -43*z - 1. Let p be s(2). Let y = 39 + p. Let v be (12/(-9))/2*y. Calculate the highest common factor of 4 and v.
4
Let y be (2/(-6))/((-10)/1140). Calculate the greatest common factor of y and 38.
38
Let x = 141 + -88. Let r = 113 - x. What is the highest common divisor of r and 24?
12
Suppose 1892 = 5*c + 467. Suppose -a + 2*a - c = -2*p, -4*a = -4*p + 576. Calculate the highest common factor of 13 and p.
13
Let u(t) = -t**3 + 16*t**2 + 15*t + 42. Let i be u(17). Calculate the greatest common divisor of i and 56.
8
Let s = 4 + -4. Suppose s*p = 5*p - 45. What is the highest common divisor of p and 1?
1
Let n(i) = i**3 - 5*i**2 - 13*i + 11. Let v be n(7). Let z be 2/(-2) - 91/(-1). Calculate the highest common factor of v and z.
18
Let s(d) = -d - 12. Let m be s(-5). Let f be (m/(-2))/((-6)/(-12)). Calculate the highest common factor of 35 and f.
7
Let x(q) = 2*q**2 - 5*q + 7. Let i be x(-7). Calculate the greatest common divisor of i and 28.
28
Let q be 4/((-4)/(-3)) - 2. Let k = 14 - q. Let p(f) = 4*f**2 - 7*f. Let x be p(5). Calculate the highest common divisor of x and k.
13
Let g(a) = 9*a - 3. Let k be g(6). Suppose 3*v - 7*y - k = -4*y, -3*v + 21 = 3*y. Suppose -o + v = -58. What is the highest common divisor of 10 and o?
10
Let z = -51 + 91. Calculate the highest common divisor of 8 and z.
8
Suppose -115 + 7 = -d. Calculate the greatest common divisor of 12 and d.
12
Suppose -6*s - 6 = -5*s. Let a be s/(-4)*(2 + -6). Let n be (-46)/a - (-1)/3. Calculate the highest common divisor of n and 4.
4
Suppose -x - x - 2 = 0. Let o = 4 + x. Let u = o - 2. What is the highest common divisor of u and 11?
1
Let p = -12 - -34. Suppose f - 38 = p. Let w be 13 - -10 - 1*-1. Calculate the highest common divisor of f and w.
12
Let z = 2 + 214. Suppose -4*p - 2*u = -366 - z, 4*p + u = 585. What is the highest common factor of 21 and p?
21
Let o = -15 + 31. Let h(d) = -2*d**3 + d**2 - d - 4. Let f be h(-4). What is the highest common factor of o and f?
16
Suppose 55 = 8*o - 3*o. Let j(w) = -w**3 + 10*w**2 + 14*w - 15. Let g be j(o). Let v be 18/5*15*1. What is the highest common divisor of v and g?
18
Let x = 16 + -11. Suppose 0 = 2*r - 6*r + 40. Calculate the greatest common factor of x and r.
5
Let u(r) = 4*r - 16. Let y = -4 - -15. Let q be u(y). Suppose -2*v + 4 = 2*j, -4*v - 28 - 13 = -3*j. What is the greatest common divisor of q and j?
7
Let c(y) = -y**2 + 8*y + 4. Let m be c(8). Suppose -z = -m*z + 45. What is the greatest common factor of 165 and z?
15
Suppose i = -3*c + 185, 5*c - 3*i - 325 = -8*i. Calculate the highest common divisor of 20 and c.
20
Let g(w) = -w + 10. Let p be g(8). What is the greatest common divisor of p and 16?
2
Let t(r) = r**3 + 3*r**2 - 2*r + 1. Let g be t(-2). Calculate the highest common factor of 9 and g.
9
Suppose -2*a - 1 = 9. Suppose 0*k = -3*k + 21. Let n = k - a. Calculate the greatest common divisor of n and 8.
4
Let z(x) = -x + 12. Let g be z(0). Suppose -5*k - 2*o + 310 = 0, 4*k - 3*k - 2*o - 50 = 0. Calculate the highest common factor of g and k.
12
Let b(z) = z**2 - 2*z - 5. Suppose -9 - 11 = -5*f. Let w be b(f). Suppose -w*t + 16 = -26. What is the highest common factor of t and 98?
14
Let k be ((-14)/(-6))/(4/24). What is the greatest common divisor of 35 and k?
7
Suppose -4*a = -49 - 863. Let r = a - 85. Calculate the greatest common divisor of 13 and r.
13
Suppose 4 = -g + 16. Let b be 20/6*g/1. What is the highest common divisor of b and 5?
5
Let l be (-1 + 7)/(2/1). Suppose 17 = l*s + 5. Calculate the greatest common divisor of s and 36.
4
Let g = 1 - 16. Let h = 0 - 2. Let r = h - g. Calculate the greatest common factor of 52 and r.
13
Let r(u) = u**2 + 4*u - 6. Let b be r(-6). Let c be (70/(-3))/((-2)/b). Calculate the highest common divisor of c and 28.
14
Let b = 73 + 18. Suppose -b = i - 2*i. Calculate the highest common divisor of 13 and i.
13
Suppose -20 + 155 = 5*c. Calculate the highest common divisor of 216 and c.
27
Let u = -7 - -15. Let h be u/12*-2*-45. What is the highest common factor of 15 and h?
15
Let j be 7 + -2 + 6*(-4)/8. What is the greatest common divisor of 10 and j?
2
Suppose q + 1 = 3*t, 0 = -2*q + 5*q + t - 47. Let v be (-8)/(-28) - (-6086)/q. Suppose 55 - v = -4*a. Calculate the highest common divisor of 38 and a.
19
Let u be 17/2 - 36/(-24). What is the greatest common factor of 40 and u?
10
Let a(k) = -4*k**3 + 5*k**2 + 7*k + 4. Let w be a(-2). What is the highest common factor of w and 252?
42
Suppose 1 = 4*s - 71. Calculate the highest common divisor of s and 90.
18
Let n(y) = 4*y + 85. Let x be n(-20). What is the greatest common factor of x and 15?
5
Let i be -1 + (-1 - -60) - -2. Let n = 8 + -6. Suppose t + 3*s - 25 = 0, 0*s - 5*s + 55 = n*t. Calculate the greatest common factor of t and i.
20
Let z(w) = 2*w**2 - 2*w - 10. Let v be z(-5). Calculate the greatest common divisor of 25 and v.
25
Let o(q) = 3*q**2 + 6*q - 6. Let f = 3 - 8. Let n be o(f). Suppose 3*h - 2*r = -0*r + 39, 0 = -5*r. What is the greatest common divisor of n and h?
13
Let u be (-4 + 3 - -4)/(3/13). Calculate the greatest common factor of u and 1.
1
Let f be -1 + -1 - 18*-3. Let a(x) = -3*x + 4. Let w be a(-3). Calculate the highest common divisor of w and f.
13
Suppose -2*g = 3*g - 50. Suppose -9*z - 270 = -12*z. What is the greatest common factor of g and z?
10
Suppose -540 = 5*u - 10*u. Suppose -4*m - 4*d = -116, -5*d + d - u = -3*m. What is the greatest common factor of m and 32?
32
Let g = -24 + 15. Let u = -3 - g. Calculate the greatest common divisor of u and 6.
6
Let s = -8 + -14. Let i be (0 - 10)/(2/s). What is the highest common factor of 10 and i?
10
Let r = -47 + 53. What is the highest common factor of 162 and r?
6
Let t(l) = -l**3 + 2*l**2 - 1. Let y be t(-2). Suppose n = -0*n + 3. What is the highest common factor of n and y?
3
Let y = 6 - 3. Suppose 2*d + y*u - 9 = 2*u, -2*u - 2 = 0. What is the highest common factor of 45 and d?
5
Suppose -73 = -5*n + 32. Let y = -12 + n. What is the greatest common factor of y and 6?
3
Let l be ((-36)/10)/(2/(-15)). What is the greatest common factor of 81 and l?
27
Let x be (2/(-3))/(2/(-213)). Suppose 0*q = 4*v + q - 67, 5*v - x = 3*q. What is the highest common factor of v and 4?
4
Let s be 2/6 - 14/(-3). Let p = s + -3. What is the greatest common factor of p and 16?
2
Suppose z = 1 - 0. What is the greatest common factor of 9 and z?
1
Suppose x = -0*x + 4. Suppose 3*m - 12 = -x*v + v, 4*m = 3*v + 23. Suppose -m*w = 15 - 65. What is the greatest common divisor of 100 and w?
10
Let b(y) = 7*y**2 - 3*y - 3. Let n be b(-5). Let t(c) = -4*c + 1. Let r be t(-4). What is the highest common divisor of r and n?
17
Suppose 4*u + 62 = 3*a, 27 = -u - 2*a - 3*a. Let i = u - -24. Let n = -83 - -146. Calculate the highest common divisor of i and n.
7
Let a(g) = g**3 - 8*g**2 + 12*g - 6. Let h be a(8). Suppose -f = 2*f - h. What is the greatest common divisor of 10 and f?
10
Suppose 2*r = -2*t + 112, 60 = t - 0*t - 3*r. Let h be ((-4)/(-12))/